011 prime?
False
Is 646301 prime?
True
Is 5089 a composite number?
True
Is 1723277 composite?
False
Is 9865 a prime number?
False
Is 351529 prime?
True
Is 25703 a composite number?
False
Is 26449 a prime number?
True
Is 4309 a prime number?
False
Is 3106859 a composite number?
True
Is 2183 a composite number?
True
Is 144422 composite?
True
Is 72955 a composite number?
True
Is 11159 composite?
False
Is 88589 prime?
True
Is 1086133 a prime number?
True
Is 1819 composite?
True
Is 948749 a composite number?
False
Is 2683 prime?
True
Is 449543 a prime number?
True
Is 2291 composite?
True
Is 9953 a composite number?
True
Is 52651 a composite number?
True
Is 1637 composite?
False
Is 12187 prime?
False
Is 3424103 a composite number?
False
Is 295093 a composite number?
True
Is 50207 composite?
False
Is 3877189 prime?
True
Is 2285 composite?
True
Is 14813 a prime number?
True
Is 66019 prime?
False
Is 747713 composite?
False
Is 87883 a composite number?
True
Is 18897 prime?
False
Is 2939 a prime number?
True
Is 478039 composite?
False
Is 185015 a prime number?
False
Is 35479 a prime number?
False
Is 1053617 prime?
True
Is 1080863 prime?
False
Is 863383 a prime number?
False
Is 802561 a prime number?
False
Is 808651 composite?
False
Is 236539 a prime number?
False
Is 1571 prime?
True
Is 27581 a prime number?
True
Is 1277 composite?
False
Is 25031 composite?
False
Is 8051 a composite number?
True
Is 620587 a composite number?
True
Is 43531 composite?
True
Is 4931 a composite number?
False
Is 3709 a prime number?
True
Is 192791 composite?
False
Is 11083 a prime number?
True
Is 10663 composite?
False
Is 2104363 prime?
True
Is 22901 a composite number?
False
Is 21209 composite?
True
Is 616523 a prime number?
True
Is 90305 a prime number?
False
Is 482389 composite?
True
Is 2675303 composite?
False
Is 2887 a prime number?
True
Is 20089 a prime number?
True
Is 2483 prime?
False
Is 40141 composite?
True
Is 2611 composite?
True
Is 15727 a composite number?
False
Is 99745 composite?
True
Is 840119 a prime number?
False
Is 9383 composite?
True
Is 977 composite?
False
Is 934 composite?
True
Is 893159 a prime number?
False
Is 2582 a prime number?
False
Is 527507 a prime number?
True
Is 300241 a composite number?
True
Is 49297 prime?
True
Is 76471 prime?
True
Is 769289 a prime number?
True
Is 14635 composite?
True
Is 26401 composite?
True
Is 76495 a composite number?
True
Is 20191 composite?
True
Is 501 composite?
True
Is 43831 composite?
True
Is 620909 composite?
False
Is 100507 composite?
True
Is 175811 a composite number?
False
Is 227839 composite?
True
Is 121531 a prime number?
True
Is 1977953 a prime number?
True
Is 1236889 prime?
False
Is 2747 composite?
True
Is 22577 a composite number?
True
Is 8717 composite?
True
Is 13961 prime?
False
Is 66189 composite?
True
Is 69499 a prime number?
True
Is 85931 a prime number?
True
Is 117529 prime?
True
Is 134549 composite?
True
Is 5147 composite?
False
Is 53267 a composite number?
False
Is 388921 a prime number?
False
Is 31817 a composite number?
False
Is 36266 composite?
True
Is 184537 prime?
False
Is 2879 a composite number?
False
Is 232469 composite?
True
Is 44467 composite?
True
Is 27989 composite?
True
Is 2616479 a prime number?
False
Is 10061 a prime number?
True
Is 45457 a composite number?
True
Is 20873 a composite number?
False
Is 2161 a composite number?
False
Is 334363 a composite number?
False
Is 11246 composite?
True
Is 68099 a prime number?
True
Is 295253 composite?
True
Is 575473 a composite number?
False
Is 41163 a composite number?
True
Is 1241467 prime?
True
Is 617359 a prime number?
True
Is 57619 a prime number?
False
Is 62201 a composite number?
False
Is 618119 prime?
True
Is 13379 composite?
True
Is 438661 a composite number?
False
Is 1053869 a prime number?
False
Is 164173 composite?
False
Is 3527 composite?
False
Is 21118 a prime number?
False
Is 38823 a prime number?
False
Is 12451 composite?
False
Is 36899 composite?
False
Is 1603 a prime number?
False
Is 20161 prime?
True
Is 36029 a composite number?
True
Is 609079 a prime number?
True
Is 620227 prime?
True
Is 4399 prime?
False
Is 76577 composite?
True
Is 1055 a composite number?
True
Is 923 composite?
True
Is 47251 composite?
False
Is 1361 a composite number?
False
Is 42491 a prime number?
True
Is 150113 prime?
False
Is 21439 a composite number?
True
Is 208139 composite?
False
Is 9967 a composite number?
False
Is 238219 a prime number?
False
Is 4981 a composite number?
True
Is 719 composite?
False
Is 218249 a composite number?
False
Is 253963 a composite number?
True
Is 51539 a composite number?
False
Is 31531 a prime number?
True
Is 217157 prime?
True
Is 18673 a prime number?
False
Is 11351 a composite number?
False
Is 31831 prime?
False
Is 71405 a prime number?
False
Is 9931 composite?
False
Is 145391 composite?
False
Is 133379 composite?
False
Is 403933 composite?
False
Is 29479 a composite number?
True
Is 226523 prime?
False
Is 4507 composite?
False
Is 8083 a composite number?
True
Is 59326 composite?
True
Is 9223 a prime number?
False
Is 118843 composite?
False
Is 3989 composite?
False
Is 15643 a prime number?
True
Is 124765 a prime number?
False
Is 78397 composite?
True
Is 57503 a composite number?
False
Is 228127 composite?
False
Is 18671 a prime number?
True
Is 65761 a composite number?
False
Is 37039 a prime number?
True
Is 6689 a prime number?
True
Is 489 composite?
True
Is 4593 prime?
False
Is 4299 a prime number?
False
Is 15161 a composite number?
False
Is 27413 a composite number?
True
Is 4679 a composite number?
False
Is 9131 composite?
True
Is 552179 prime?
True
Is 10421 a composite number?
True
Is 5449 composite?
False
Is 49843 a prime number?
True
Is 1503719 a prime number?
False
Is 7207 composite?
False
Is 7031 composite?
True
Is 70363 prime?
False
Is 131797 composite?
False
Is 3473 composite?
True
Is 1333393 a composite number?
False
Is 188915 prime?
False
Is 37601 a composite number?
True
Is 438913 a composite number?
False
Is 17783 a prime number?
True
Is 19571 a composite number?
False
Is 179623 composite?
False
Is 55073 a composite number?
False
Is 1133 prime?
False
Is 481199 a composite number?
False
Is 15089 prime?
False
Is 903443 prime?
True
Is 1711 composite?
True
Is 261407 prime?
True
Is 118751 a prime number?
True
Is 3359 a prime number?
True
Is 233 prime?
True
Is 5314 composite?
True
Is 4169 prime?
False
Is 3661467 prime?
False
Is 4119 a composite number?
True
Is 30767 a prime number?
False
Is 1527791 prime?
True
Is 50891 a prime number?
True
Is 1949 composite?
False
Is 485 a composite number?
True
Is 68533 a prime number?
False
Is 407471 a prime number?
True
Is 2854 a prime number?
False
Is 54861 a composite number?
True
Is 535523 a composite number?
False
Is 82333 composite?
True
Is 460034 prime?
False
Is 1949 a composite number?
False
Is 153133 a composite number?
False
Is 2081 prime?
True
Is 397469 prime?
True
Is 71059 a composite number?
False
Is 395701 composite?
False
Is 48973 a composite number?
False
Is 501409 a composite number?
False
Is 201281 prime?
True
Is 679 prime?
False
Is 1039057 a prime number?
False
Is 15659 composite?
True
Is 17638 prime?
False
Is 4593 a prime number?
False
Is 19519 a composite number?
True
Is 4334893 composite?
False
Is 5873 a prime number?
False
Is 78391 prime?
False
Is 27239 prime?
True
Is 28559 composite?
False
Is 569567 composite?
True
Is 39581 a prime number?
True
Is 26135 a composite number?
True
Is 11903 a prime number?
True
Is 27983 composite?
False
Is 191491 prime?
True
Is 713003 composite?
True
Is 58997 a prime number?
True
Is 4342681 a composite number?
True
Is 3579 a composite number?
True
Is 5737 a composite number?
False
Is 485 composite?
True
Is 44686 prime?
False
Is 3691 a composite number?
False
Is 19022 composite?
True
Is 70097 composite?
True
Is 19769 prime?
False
Is 32993 composite?
False
Is 120433 composite?
True
Is 50669 a prime number?
False
Is 25793 composite?
False
Is 144223 a composite number?
False
Is 6731 composite?
True
Is 57991 prime?
True
Is 701567 composite?
True
Is 11497 a composite number?
False
Is 9617 composite?
True
Is 7727 a prime number?
True
Is 60757 a composite number?
False
Is 8197 a composite number?
True
Is 378751 composite?
True
I